{"id":54,"date":"2018-12-03T00:54:11","date_gmt":"2018-12-02T22:54:11","guid":{"rendered":"http:\/\/dinamitzacio-social-digital-test.recursos.uoc.edu\/conceptes-claus-en-inclusio-exclusio-i-capacitacio-digital\/?page_id=54"},"modified":"2018-12-03T02:16:18","modified_gmt":"2018-12-03T00:16:18","slug":"3-1-introduccio","status":"publish","type":"page","link":"http:\/\/dinamitzacio-social-digital-test.recursos.uoc.edu\/conceptes-claus\/3-1-introduccio\/","title":{"rendered":"3.1. Introducci\u00f3"},"content":{"rendered":"<blockquote><p>\u00abThe term \u2018digital skills\u2019 refers to a range of different abilities, many of which are not only \u2018skills\u2019 per se, but a combination of behaviours, expertise, know-how, work habits, character traits, dispositions and critical understandings.\u00bb<\/p>\n<p>UNESCO_ITU (2017, p\u00e0g. 9)<\/p><\/blockquote>\n<p>En els apartats anteriors hem consolidat els conceptes b\u00e0sics per a entendre com es pot funcionar en un entorn digitalitzat i quins elements poden portar les persones a veure\u2019s involucrades en algun tipus d\u2019exclusi\u00f3 i concretament en l\u2019exclusi\u00f3 digital. Ara toca centrar-nos a analitzar en qu\u00e8 consisteix exactament la capacitaci\u00f3 digital i de quina manera ens hi podem apropar.<\/p>\n<p>Abans de definir les compet\u00e8ncies associades amb aquesta capacitaci\u00f3 \u2014que treballarem en l\u2019apartat seg\u00fcent\u2014 volem exposar breument diferents aproximacions que ens poden ajudar a reflexionar sobre la manera d\u2019abordar aquest assumpte.<\/p>\n","protected":false},"excerpt":{"rendered":"<p>\u00abThe term \u2018digital skills\u2019 refers to a range of different abilities, many of which are not only \u2018skills\u2019 per se, but a combination of behaviours, expertise, know-how, work habits, character traits, dispositions and critical understandings.\u00bb UNESCO_ITU (2017, p\u00e0g. 9) En els apartats anteriors hem consolidat els conceptes b\u00e0sics per a entendre com es pot funcionar [&hellip;]<\/p>\n","protected":false},"author":1,"featured_media":0,"parent":0,"menu_order":10,"comment_status":"closed","ping_status":"closed","template":"","meta":[],"_links":{"self":[{"href":"http:\/\/dinamitzacio-social-digital-test.recursos.uoc.edu\/conceptes-claus\/wp-json\/wp\/v2\/pages\/54"}],"collection":[{"href":"http:\/\/dinamitzacio-social-digital-test.recursos.uoc.edu\/conceptes-claus\/wp-json\/wp\/v2\/pages"}],"about":[{"href":"http:\/\/dinamitzacio-social-digital-test.recursos.uoc.edu\/conceptes-claus\/wp-json\/wp\/v2\/types\/page"}],"author":[{"embeddable":true,"href":"http:\/\/dinamitzacio-social-digital-test.recursos.uoc.edu\/conceptes-claus\/wp-json\/wp\/v2\/users\/1"}],"replies":[{"embeddable":true,"href":"http:\/\/dinamitzacio-social-digital-test.recursos.uoc.edu\/conceptes-claus\/wp-json\/wp\/v2\/comments?post=54"}],"version-history":[{"count":1,"href":"http:\/\/dinamitzacio-social-digital-test.recursos.uoc.edu\/conceptes-claus\/wp-json\/wp\/v2\/pages\/54\/revisions"}],"predecessor-version":[{"id":55,"href":"http:\/\/dinamitzacio-social-digital-test.recursos.uoc.edu\/conceptes-claus\/wp-json\/wp\/v2\/pages\/54\/revisions\/55"}],"wp:attachment":[{"href":"http:\/\/dinamitzacio-social-digital-test.recursos.uoc.edu\/conceptes-claus\/wp-json\/wp\/v2\/media?parent=54"}],"curies":[{"name":"wp","href":"https:\/\/api.w.org\/{rel}","templated":true}]}}