{"id":101,"date":"2018-12-12T00:51:20","date_gmt":"2018-12-11T22:51:20","guid":{"rendered":"http:\/\/dinamitzacio-social-digital-test.recursos.uoc.edu\/contextos-exclusio\/?page_id=101"},"modified":"2019-01-09T10:29:29","modified_gmt":"2019-01-09T08:29:29","slug":"2-4-7-persones-del-quart-mon","status":"publish","type":"page","link":"http:\/\/dinamitzacio-social-digital-test.recursos.uoc.edu\/contextos-exclusio\/2-4-7-persones-del-quart-mon\/","title":{"rendered":"2.4.7. Persones del quart m\u00f3n"},"content":{"rendered":"<div class=\"featured featured-blue\"><p>Segons enciclop\u00e8dia.cat, anomenem <strong>quart m\u00f3n<\/strong> a \u00ables mancances i la marginaci\u00f3 que pateixen determinats col\u00b7lectius inserits en societats en les quals bona part dels seus integrants gaudeix d\u2019abund\u00e0ncia i de prosperitat. Generalment \u00e9s associat a grups minoritaris: presos, immigrants, minories \u00e8tniques, aturats, drogoaddictes, etc.\u00bb.<\/p>\n<\/div>\n<p>Tot plegat fa que tinguin un desavantatge clar que pot aprofundir la seva exclusi\u00f3 social. En el seu cam\u00ed cap a la inclusi\u00f3, sens dubte hauran de disposar d\u2019estrat\u00e8gies de capacitaci\u00f3 digital. \u00c9s per aix\u00f2 que, sovint, des dels serveis socials, quan aquestes persones comencen a emprendre el cam\u00ed per a sortir d\u2019aquestes situacions, se les deriva cap a telecentres o biblioteques, on puguin capacitar-se digitalment mitjan\u00e7ant un conjunt d\u2019accions que la persona anir\u00e0 desenvolupant per a sortir de la situaci\u00f3 d\u2019exclusi\u00f3. Amb aquestes persones ser\u00e0 essencial treballar les compet\u00e8ncies digitals i parar atenci\u00f3 especial als factors motivacionals i\/o actitudinals, i aprofitar el potencial <a href=\"javascript:void(0);\" class=\"tooltip\" data-toggle=\"popover\" data-placement=\"bottom\" data-content=\"En l\u2019enlla\u00e7 <a href='https:\/\/www.facebook.com\/groups\/homelesssupportgroup\/' target='_blank'>https:\/\/www.facebook.com\/groups\/homelesssupportgroup\/<\/a> trobareu una iniciativa per a les persones sense sostre.\" data-placement=\"top\" data-html=\"true\" >socialitzador<\/a>. En alguns casos \u00e9s habitual que calgui fer un acompanyament individualitzat que reforci els aprenentatges i eviti l\u2019aband\u00f3 de les accions.<\/p>\n","protected":false},"excerpt":{"rendered":"<p>Tot plegat fa que tinguin un desavantatge clar que pot aprofundir la seva exclusi\u00f3 social. En el seu cam\u00ed cap a la inclusi\u00f3, sens dubte hauran de disposar d\u2019estrat\u00e8gies de capacitaci\u00f3 digital. \u00c9s per aix\u00f2 que, sovint, des dels serveis socials, quan aquestes persones comencen a emprendre el cam\u00ed per a sortir d\u2019aquestes situacions, se [&hellip;]<\/p>\n","protected":false},"author":1,"featured_media":0,"parent":0,"menu_order":0,"comment_status":"closed","ping_status":"closed","template":"","meta":[],"_links":{"self":[{"href":"http:\/\/dinamitzacio-social-digital-test.recursos.uoc.edu\/contextos-exclusio\/wp-json\/wp\/v2\/pages\/101"}],"collection":[{"href":"http:\/\/dinamitzacio-social-digital-test.recursos.uoc.edu\/contextos-exclusio\/wp-json\/wp\/v2\/pages"}],"about":[{"href":"http:\/\/dinamitzacio-social-digital-test.recursos.uoc.edu\/contextos-exclusio\/wp-json\/wp\/v2\/types\/page"}],"author":[{"embeddable":true,"href":"http:\/\/dinamitzacio-social-digital-test.recursos.uoc.edu\/contextos-exclusio\/wp-json\/wp\/v2\/users\/1"}],"replies":[{"embeddable":true,"href":"http:\/\/dinamitzacio-social-digital-test.recursos.uoc.edu\/contextos-exclusio\/wp-json\/wp\/v2\/comments?post=101"}],"version-history":[{"count":3,"href":"http:\/\/dinamitzacio-social-digital-test.recursos.uoc.edu\/contextos-exclusio\/wp-json\/wp\/v2\/pages\/101\/revisions"}],"predecessor-version":[{"id":537,"href":"http:\/\/dinamitzacio-social-digital-test.recursos.uoc.edu\/contextos-exclusio\/wp-json\/wp\/v2\/pages\/101\/revisions\/537"}],"wp:attachment":[{"href":"http:\/\/dinamitzacio-social-digital-test.recursos.uoc.edu\/contextos-exclusio\/wp-json\/wp\/v2\/media?parent=101"}],"curies":[{"name":"wp","href":"https:\/\/api.w.org\/{rel}","templated":true}]}}