{"id":42,"date":"2018-12-10T01:37:16","date_gmt":"2018-12-09T23:37:16","guid":{"rendered":"http:\/\/dinamitzacio-social-digital-test.recursos.uoc.edu\/contextos-exclusio\/?page_id=42"},"modified":"2021-01-29T15:26:43","modified_gmt":"2021-01-29T13:26:43","slug":"1-5-factors-socioeconomics","status":"publish","type":"page","link":"http:\/\/dinamitzacio-social-digital-test.recursos.uoc.edu\/contextos-exclusio\/1-5-factors-socioeconomics\/","title":{"rendered":"1.5. Factors socioecon\u00f2mics"},"content":{"rendered":"<p>\u00c9s evident que hi ha aspectes socioecon\u00f2mics que afecten la possibilitat de capacitaci\u00f3 digital. Sense anar m\u00e9s lluny, en algunes an\u00e0lisis recents a Espanya (2019) podem trobar algunes idees que van en aquesta direcci\u00f3:<\/p>\n<ul>\n<li><strong>Edat<\/strong><em>. <\/em>La pir\u00e0mide estad\u00edstica d\u2019internautes que es connecten tant habitualment com ocasionalment \u00e9s decreixent segons l\u2019edat. Com m\u00e9s gran, m\u00e9s desconnectat.<\/li>\n<li><strong>Sexe<\/strong><em>. <\/em>Afortunadament no hi ha pr\u00e0cticament cap difer\u00e8ncia de connectivitat segons el sexe.<\/li>\n<li><strong>Ocupaci\u00f3<\/strong>. Igualment decreixent segons l\u2019ocupaci\u00f3, partint dels estudiants (m\u00e9s connectats) fins a arribar als pensionistes i les mestresses de casa (menys).<\/li>\n<li><strong>Estudis<\/strong>. I per descomptat segons els estudis. Com menys estudis, m\u00e9s desconnexi\u00f3.<\/li>\n<li><strong>Lloc de resid\u00e8ncia<\/strong>. Tamb\u00e9 decreix segons el lloc de resid\u00e8ncia: des de les grans ciutats als pobles.<\/li>\n<li><strong>Estat civil<\/strong>. Pel que fa a l\u2019estat civil no hi ha grans difer\u00e8ncies excepte en les persones v\u00eddues, que es troben a la franja baixa.<\/li>\n<li><strong>Ingressos<\/strong><em>. <\/em>I finalment segons els ingressos. Com menys ingressos, menys connexi\u00f3.<\/li>\n<\/ul>\n<figure id=\"attachment_833\" aria-describedby=\"caption-attachment-833\" style=\"width: 1187px\" class=\"wp-caption alignnone\"><img loading=\"lazy\" class=\"wp-image-833 size-full\" src=\"\/wp-content\/uploads\/sites\/6\/2021\/01\/Captura-de-pantalla-2021-01-21-a-les-10.54.34-1.png\" alt=\"\" width=\"1187\" height=\"889\" srcset=\"\/wp-content\/uploads\/sites\/6\/2021\/01\/Captura-de-pantalla-2021-01-21-a-les-10.54.34-1.png 1187w, \/wp-content\/uploads\/sites\/6\/2021\/01\/Captura-de-pantalla-2021-01-21-a-les-10.54.34-1-300x225.png 300w, \/wp-content\/uploads\/sites\/6\/2021\/01\/Captura-de-pantalla-2021-01-21-a-les-10.54.34-1-768x575.png 768w, \/wp-content\/uploads\/sites\/6\/2021\/01\/Captura-de-pantalla-2021-01-21-a-les-10.54.34-1-1024x767.png 1024w\" sizes=\"(max-width: 1187px) 100vw, 1187px\" \/><figcaption id=\"caption-attachment-833\" class=\"wp-caption-text\">Font: ontsi.red.es. &#8220;Perfil sociodemogr\u00e1fico de los internautas. An\u00e1lisis de datos INE 2019&#8221;. Disponible a: https:\/\/www.ontsi.red.es\/sites\/ontsi\/files\/2020-06\/PerfilSociodemograficoInternautas2019.pdf<\/figcaption><\/figure>\n<div class=\"featured featured-blue\"><p>Aix\u00ed, la radiografia estatal sobre el perfil diana de l\u2019e-inclusi\u00f3 es podria resumir en persones grans, pensionistes o mestresses de casa, amb poc estudis, que viuen en pobles, v\u00eddues i amb poc ingressos.<\/p>\n<\/div>\n<p><strong>An\u00e0lisi segons les capacitats digitals<\/strong><\/p>\n<p>Entrant en el detall de les capacitats digitals, el perfil m\u00e9s desconnectat \u00e9s tamb\u00e9 el que obt\u00e9 resultats pitjors en les variables que s\u2019analitzen en aquest estudi, com les referents a informaci\u00f3, resoluci\u00f3 de problemes, comunicaci\u00f3 i programari per a la manipulaci\u00f3 de contingut. Aqu\u00ed cal destacar que s\u00ed que hi ha difer\u00e8ncies segons el sexe: les dones presenten indicadors pitjors pel que fa a la resoluci\u00f3 de problemes i a l\u2019\u00fas de programari per a la manipulaci\u00f3 de contingut i millors quant a la comunicaci\u00f3.<\/p>\n<p>Tot plegat ens dona pistes prou importants sobre qu\u00e8 s\u2019ha de treballar amb aquests col\u00b7lectius.<\/p>\n","protected":false},"excerpt":{"rendered":"<p>\u00c9s evident que hi ha aspectes socioecon\u00f2mics que afecten la possibilitat de capacitaci\u00f3 digital. Sense anar m\u00e9s lluny, en algunes an\u00e0lisis recents a Espanya (2019) podem trobar algunes idees que van en aquesta direcci\u00f3: Edat. La pir\u00e0mide estad\u00edstica d\u2019internautes que es connecten tant habitualment com ocasionalment \u00e9s decreixent segons l\u2019edat. Com m\u00e9s gran, m\u00e9s desconnectat. [&hellip;]<\/p>\n","protected":false},"author":1,"featured_media":0,"parent":0,"menu_order":0,"comment_status":"closed","ping_status":"closed","template":"","meta":[],"_links":{"self":[{"href":"http:\/\/dinamitzacio-social-digital-test.recursos.uoc.edu\/contextos-exclusio\/wp-json\/wp\/v2\/pages\/42"}],"collection":[{"href":"http:\/\/dinamitzacio-social-digital-test.recursos.uoc.edu\/contextos-exclusio\/wp-json\/wp\/v2\/pages"}],"about":[{"href":"http:\/\/dinamitzacio-social-digital-test.recursos.uoc.edu\/contextos-exclusio\/wp-json\/wp\/v2\/types\/page"}],"author":[{"embeddable":true,"href":"http:\/\/dinamitzacio-social-digital-test.recursos.uoc.edu\/contextos-exclusio\/wp-json\/wp\/v2\/users\/1"}],"replies":[{"embeddable":true,"href":"http:\/\/dinamitzacio-social-digital-test.recursos.uoc.edu\/contextos-exclusio\/wp-json\/wp\/v2\/comments?post=42"}],"version-history":[{"count":7,"href":"http:\/\/dinamitzacio-social-digital-test.recursos.uoc.edu\/contextos-exclusio\/wp-json\/wp\/v2\/pages\/42\/revisions"}],"predecessor-version":[{"id":888,"href":"http:\/\/dinamitzacio-social-digital-test.recursos.uoc.edu\/contextos-exclusio\/wp-json\/wp\/v2\/pages\/42\/revisions\/888"}],"wp:attachment":[{"href":"http:\/\/dinamitzacio-social-digital-test.recursos.uoc.edu\/contextos-exclusio\/wp-json\/wp\/v2\/media?parent=42"}],"curies":[{"name":"wp","href":"https:\/\/api.w.org\/{rel}","templated":true}]}}