{"id":23,"date":"2018-12-18T15:35:12","date_gmt":"2018-12-18T13:35:12","guid":{"rendered":"http:\/\/dinamitzacio-social-digital-test.recursos.uoc.edu\/praxis-politiques\/?page_id=23"},"modified":"2019-02-01T12:11:18","modified_gmt":"2019-02-01T10:11:18","slug":"introduccio","status":"publish","type":"page","link":"http:\/\/dinamitzacio-social-digital-test.recursos.uoc.edu\/praxis-politiques\/","title":{"rendered":"Introducci\u00f3"},"content":{"rendered":"<p>En aquest recurs es presenten les lleis i les iniciatives pol\u00edtiques referents a capacitaci\u00f3 digital. Malgrat que les accions pol\u00edtiques sempre van endarrerides en relaci\u00f3 amb les tecnologies que es volen activar o regular, el cert \u00e9s que la Uni\u00f3 Europea fa molts esfor\u00e7os per a potenciar la capacitaci\u00f3 digital de tota la ciutadania i convertir-la en un element important que faciliti la inclusi\u00f3 social, cultural i laboral.<\/p>\n<p>Per aquest motiu s\u2019ha considerat rellevant presentar aquestes directives i projectes, que van m\u00e9s enll\u00e0 de pol\u00edtiques purament estructurals i econ\u00f2miques (com ara oferir ordinadors i acc\u00e9s a la xarxa, tan comunes a finals de segle <span class=\"roman\">xx<\/span>) i on es treballa el potencial que tenen les TIC a l\u2019hora de fomentar la participaci\u00f3 democr\u00e0tica (dimensi\u00f3 pol\u00edtica) o l\u2019autonomia de les persones (dimensi\u00f3 social i personal).<\/p>\n<p>Quan al principi dels anys noranta es va comen\u00e7ar a parlar de <a class=\"tooltip\"  href=\"javascript:void(0);\" data-toggle=\"popover\" data-placement=\"bottom\" data-content=\"Separaci\u00f3 entre aquell nucli o sector de poblaci\u00f3 que utilitza i accedeix a les TIC i la que no hi accedeix, o que tenint la possibilitat d\u2019accedir-hi no ho fa (per manca d\u2019inter\u00e8s o per manca de capacitaci\u00f3).\">divis\u00f2ria digital<\/a>, l\u2019\u00fanica preocupaci\u00f3 era proveir la poblaci\u00f3 d\u2019infraestructures i equips. En aquell moment ning\u00fa no es va plantejar la import\u00e0ncia de la necessitat d\u2019ensenyar a utilitzar aquests equips. Ara que la capacitaci\u00f3 tecnol\u00f2gica est\u00e0 m\u00e9s o menys entesa i assumida, les directives europees i nacionals van una mica m\u00e9s enll\u00e0 i cerquen que la ciutadania esdevingui competent digital. \u00c9s a dir, t\u00e9 ben poca utilitat utilitzar un navegador i el correu electr\u00f2nic si no se sap processar i aplicar la informaci\u00f3 que arriba des d\u2019aquests mitjans de manera adequada, aprofitant-ne les potencialitats.<\/p>\n<p><strong>Objectius competencials<\/strong><\/p>\n<ul>\n<li>Entendre els principis generals que hi ha al darrere de les pol\u00edtiques i els programes de capacitaci\u00f3 digital a la Uni\u00f3 Europea i l\u2019Am\u00e8rica Llatina.<\/li>\n<li>Con\u00e8ixer els principals programes \u2014que poden esdevenir vies de finan\u00e7ament\u2014 de projectes de capacitaci\u00f3 digital.<\/li>\n<li>Copsar les potencialitats i les mancances d\u2019aquests programes en l\u2019actualitat, i pensar maneres de millorar-les en el futur.<\/li>\n<li>Entendre com aquestes pol\u00edtiques i aquests programes afecten les dimensions individuals, socials i contextuals en els processos de capacitaci\u00f3 digital.<\/li>\n<\/ul>\n","protected":false},"excerpt":{"rendered":"<p>En aquest recurs es presenten les lleis i les iniciatives pol\u00edtiques referents a capacitaci\u00f3 digital. Malgrat que les accions pol\u00edtiques sempre van endarrerides en relaci\u00f3 amb les tecnologies que es volen activar o regular, el cert \u00e9s que la Uni\u00f3 Europea fa molts esfor\u00e7os per a potenciar la capacitaci\u00f3 digital de tota la ciutadania i [&hellip;]<\/p>\n","protected":false},"author":1,"featured_media":0,"parent":0,"menu_order":0,"comment_status":"closed","ping_status":"closed","template":"","meta":[],"_links":{"self":[{"href":"http:\/\/dinamitzacio-social-digital-test.recursos.uoc.edu\/praxis-politiques\/wp-json\/wp\/v2\/pages\/23"}],"collection":[{"href":"http:\/\/dinamitzacio-social-digital-test.recursos.uoc.edu\/praxis-politiques\/wp-json\/wp\/v2\/pages"}],"about":[{"href":"http:\/\/dinamitzacio-social-digital-test.recursos.uoc.edu\/praxis-politiques\/wp-json\/wp\/v2\/types\/page"}],"author":[{"embeddable":true,"href":"http:\/\/dinamitzacio-social-digital-test.recursos.uoc.edu\/praxis-politiques\/wp-json\/wp\/v2\/users\/1"}],"replies":[{"embeddable":true,"href":"http:\/\/dinamitzacio-social-digital-test.recursos.uoc.edu\/praxis-politiques\/wp-json\/wp\/v2\/comments?post=23"}],"version-history":[{"count":2,"href":"http:\/\/dinamitzacio-social-digital-test.recursos.uoc.edu\/praxis-politiques\/wp-json\/wp\/v2\/pages\/23\/revisions"}],"predecessor-version":[{"id":200,"href":"http:\/\/dinamitzacio-social-digital-test.recursos.uoc.edu\/praxis-politiques\/wp-json\/wp\/v2\/pages\/23\/revisions\/200"}],"wp:attachment":[{"href":"http:\/\/dinamitzacio-social-digital-test.recursos.uoc.edu\/praxis-politiques\/wp-json\/wp\/v2\/media?parent=23"}],"curies":[{"name":"wp","href":"https:\/\/api.w.org\/{rel}","templated":true}]}}