{"id":49,"date":"2018-12-18T16:25:35","date_gmt":"2018-12-18T14:25:35","guid":{"rendered":"http:\/\/dinamitzacio-social-digital-test.recursos.uoc.edu\/praxis-politiques\/?page_id=49"},"modified":"2019-01-11T10:51:41","modified_gmt":"2019-01-11T08:51:41","slug":"1-4-4-digital-champions","status":"publish","type":"page","link":"http:\/\/dinamitzacio-social-digital-test.recursos.uoc.edu\/praxis-politiques\/1-4-4-digital-champions\/","title":{"rendered":"1.4.4. <em>Digital Champions<\/em>"},"content":{"rendered":"<p>El concepte \u00e9s cercar un representant nacional, una figura rellevant i inspiradora sobre les tecnologies digitals a cada pa\u00eds, i nombrar-lo ambaixador del mercat \u00fanic digital de la Uni\u00f3 Europea. El nom oficial d\u2019aquests representants \u00e9s <strong><em>digital champions<\/em><\/strong> o <strong><em>campions digitals<\/em><\/strong>. Cada estat membre tria el seu representant. La seva missi\u00f3 simb\u00f2lica \u00e9s ajudar que cadascun dels ciutadans de la Uni\u00f3 Europea pugui esdevenir realment digital.<\/p>\n<p>Per a fer la tria se cerquen persones creatives i motivades en les capacitacions digitals; persones que liderin projectes innovadors en formaci\u00f3 de TIC, inclusi\u00f3 digital, administraci\u00f3 digital, etc.<\/p>\n<p>Aquests ambaixadors dirigeixen un focus especial cap a les persones joves, per a motivar-los en l\u2019aprenentatge de les capacitats digitals i animar-los a esdevenir emprenedors.<\/p>\n<p>De la mateixa manera, aquests ambaixadors digitals recopilen bones pr\u00e0ctiques i solucions innovadores que han funcionat als seus pa\u00efsos i ajuden a difondre-les en l\u2019\u00e0mbit europeu i a aplicar-les a altres pa\u00efsos i contextos.<\/p>\n<p>Hi ha un <a href=\"javascript:void(0);\" class=\"tooltip\" data-toggle=\"popover\" data-placement=\"bottom\" data-content=\"El llistat amb els diferents ambaixadors el podeu trobar a <a href='https:\/\/ec.europa.eu\/digital-single-market\/en\/digital-champions' target='_blank'>https:\/\/ec.europa.eu\/digital-single-market\/en\/digital-champions<\/a>.\" data-placement=\"top\" data-html=\"true\" >ambaixador<\/a> per cada pa\u00eds de la Uni\u00f3 Europea.<\/p>\n<p>En el moment de redactar aquest text no hi havia cap representat espanyol al llistat (actualitzaci\u00f3 de juny de 2018).<\/p>\n<p>En paral\u00b7lel tamb\u00e9 hi ha uns ambaixadors espec\u00edfics per a la setmana de programaci\u00f3 que hem explicat anteriorment. En aquest cas, s\u00ed que hi ha dos ambaixadors per Espanya: Artur Coll, que organitza la setmana del Scratch a Catalunya, i Itziar Garc\u00eda Bl\u00e1zquez de la Universitat de Mondrag\u00f3n.<\/p>\n","protected":false},"excerpt":{"rendered":"<p>El concepte \u00e9s cercar un representant nacional, una figura rellevant i inspiradora sobre les tecnologies digitals a cada pa\u00eds, i nombrar-lo ambaixador del mercat \u00fanic digital de la Uni\u00f3 Europea. El nom oficial d\u2019aquests representants \u00e9s digital champions o campions digitals. Cada estat membre tria el seu representant. La seva missi\u00f3 simb\u00f2lica \u00e9s ajudar que [&hellip;]<\/p>\n","protected":false},"author":1,"featured_media":0,"parent":0,"menu_order":0,"comment_status":"closed","ping_status":"closed","template":"","meta":[],"_links":{"self":[{"href":"http:\/\/dinamitzacio-social-digital-test.recursos.uoc.edu\/praxis-politiques\/wp-json\/wp\/v2\/pages\/49"}],"collection":[{"href":"http:\/\/dinamitzacio-social-digital-test.recursos.uoc.edu\/praxis-politiques\/wp-json\/wp\/v2\/pages"}],"about":[{"href":"http:\/\/dinamitzacio-social-digital-test.recursos.uoc.edu\/praxis-politiques\/wp-json\/wp\/v2\/types\/page"}],"author":[{"embeddable":true,"href":"http:\/\/dinamitzacio-social-digital-test.recursos.uoc.edu\/praxis-politiques\/wp-json\/wp\/v2\/users\/1"}],"replies":[{"embeddable":true,"href":"http:\/\/dinamitzacio-social-digital-test.recursos.uoc.edu\/praxis-politiques\/wp-json\/wp\/v2\/comments?post=49"}],"version-history":[{"count":2,"href":"http:\/\/dinamitzacio-social-digital-test.recursos.uoc.edu\/praxis-politiques\/wp-json\/wp\/v2\/pages\/49\/revisions"}],"predecessor-version":[{"id":185,"href":"http:\/\/dinamitzacio-social-digital-test.recursos.uoc.edu\/praxis-politiques\/wp-json\/wp\/v2\/pages\/49\/revisions\/185"}],"wp:attachment":[{"href":"http:\/\/dinamitzacio-social-digital-test.recursos.uoc.edu\/praxis-politiques\/wp-json\/wp\/v2\/media?parent=49"}],"curies":[{"name":"wp","href":"https:\/\/api.w.org\/{rel}","templated":true}]}}