{"id":63,"date":"2018-12-18T16:39:09","date_gmt":"2018-12-18T14:39:09","guid":{"rendered":"http:\/\/dinamitzacio-social-digital-test.recursos.uoc.edu\/praxis-politiques\/?page_id=63"},"modified":"2019-02-19T15:25:59","modified_gmt":"2019-02-19T13:25:59","slug":"2-1-lagenda-digital-per-a-lamerica-llatina-i-el-carib","status":"publish","type":"page","link":"http:\/\/dinamitzacio-social-digital-test.recursos.uoc.edu\/praxis-politiques\/2-1-lagenda-digital-per-a-lamerica-llatina-i-el-carib\/","title":{"rendered":"2.1. L\u2019Agenda digital per a l\u2019Am\u00e8rica Llatina i el Carib"},"content":{"rendered":"<p>El 22 de setembre de 2016 va tenir lloc a Montevideo la Cinquena Confer\u00e8ncia Ministerial sobre la Societat de la Informaci\u00f3 a l\u2019Am\u00e8rica Llatina i el Carib. Els pa\u00efsos participants van decidir adoptar l\u2019Agenda digital per a l\u2019Am\u00e8rica Llatina i el Carib (eLAC2018), que establia les cinc \u00e0rees d\u2019acci\u00f3 seg\u00fcents: acc\u00e9s i infraestructura; economia digital, innovaci\u00f3 i competitivitat; govern electr\u00f2nic i ciutadania; desenvolupament sostenible i inclusi\u00f3; i governan\u00e7a per a la societat de la informaci\u00f3.<\/p>\n<p>Aquesta Agenda digital s\u2019inspira i es basa en l\u2019Agenda digital de la UE, que hem explicat anteriorment. De manera similar a l\u2019agenda de la UE, parteix de la declaraci\u00f3 de Lisboa, actualitzant-la i adaptant-la al context llatinoameric\u00e0.<\/p>\n<p>En el pre\u00e0mbul, la Confer\u00e8ncia estableix que l\u2019acc\u00e9s a les tecnologies digitals \u00e9s clau per a facilitar la igualtat d\u2019oportunitats, i que tindria un efecte multiplicador similar a l\u2019alfabetitzaci\u00f3 de la lectoescriptura. Tal com s\u2019exposa en la Confer\u00e8ncia, la millora i el treball de les compet\u00e8ncies digitals de la ciutadania pot contribuir a evitar l\u2019atur en un futur proper, tenint en compte els canvis que s\u2019estan produint en els entorns laborals i professionals, com l\u2019automatitzaci\u00f3 impulsada en bona part pel desenvolupament de la intel\u00b7lig\u00e8ncia artificial, com tamb\u00e9 evitar la desigualtat de g\u00e8nere en el treball, potenciar l\u2019efici\u00e8ncia energ\u00e8tica o reduir l\u2019escalfament global amb mesures com la mobilitat intel\u00b7ligent o l\u2019impuls de les ciutats intel\u00b7ligents.<\/p>\n<p>A continuaci\u00f3 assenyalem algunes peticions concretes del text d\u2019aquesta confer\u00e8ncia, que considerem prou rellevants, d\u2019acord amb els continguts tractats:<\/p>\n<ul>\n<li>Es demana que es potenci\u00efn les compet\u00e8ncies digitals en la formaci\u00f3 escolar i professional, per\u00f2, sobretot, tamb\u00e9 les de les persones d\u2019edat avan\u00e7ada i les aturades.<\/li>\n<li>S\u2019indica que els programes formatius de capacitaci\u00f3 digital per a les empreses i de reconversi\u00f3 tecnol\u00f2gica per als treballadors han de constituir una prioritat i ser objecte de cooperaci\u00f3 entre la Uni\u00f3 i l\u2019Am\u00e8rica Llatina.<\/li>\n<li>S\u2019insta la Uni\u00f3 i l\u2019Am\u00e8rica Llatina a cooperar en el desenvolupament de metodologies i plataformes d\u2019aprenentatge adaptades als diferents tipus d\u2019empresa, amb especial \u00e8mfasi en les petites i mitjanes empreses i en les persones amb necessitats especials, com els infants, les persones amb diversitat funcional o de la tercera edat. Es destaca la import\u00e0ncia d\u2019utilitzar programari lliure com un mecanisme per a fomentar el coneixement obert i la creaci\u00f3 d\u2019espais col\u00b7laboratius a l\u2019estil de CAPS (vegeu l\u2019apartat corresponent).<\/li>\n<li>Tanmateix, es demana promoure una lluita en\u00e8rgica contra l\u2019exclusi\u00f3 digital i les asimetries d\u2019acc\u00e9s, per tal d\u2019incloure tota la ciutadania i garantir el dret a la capacitaci\u00f3 digital, independentment dels ingressos, la situaci\u00f3 social, el g\u00e8nere, la discapacitat o la situaci\u00f3 geogr\u00e0fica, i posant especial \u00e8mfasi en l\u2019administraci\u00f3 electr\u00f2nica per fer-la m\u00e9s eficient, accessible i inclusiva.<\/li>\n<li>Tamb\u00e9 es considera cabdal una perspectiva integral d\u2019igualtat de g\u00e8nere en les pol\u00edtiques p\u00fabliques de desenvolupament digital, que asseguri l\u2019acc\u00e9s i l\u2019\u00fas ple de les TIC per a les dones i les nenes, impulsant el paper de la participaci\u00f3 i el lideratge de les dones en espais p\u00fablics i privats de decisi\u00f3 en mat\u00e8ria digital.<\/li>\n<li>La q\u00fcesti\u00f3 del programari lliure \u00e9s clau en aquest document. En aquest sentit, es demana suport als est\u00e0ndards oberts a fi d\u2019afavorir el treball col\u00b7lectiu en mat\u00e8ria d\u2019innovaci\u00f3, ja que les fonts obertes i el lliure acc\u00e9s acceleren els processos d\u2019innovaci\u00f3 i milloren la investigaci\u00f3 i el desenvolupament. Per tant, cal fomentar la interoperabilitat, l\u2019obertura, la independ\u00e8ncia, la neutralitat tecnol\u00f2gica i la portabilitat de la informaci\u00f3 i les dades generades pel que fa al desenvolupament de noves idees, productes o serveis, com a elements promotors i impulsors de la innovaci\u00f3.<\/li>\n<li>El document tamb\u00e9 t\u00e9 una posici\u00f3 clara a favor de la <a href=\"javascript:void(0);\" class=\"tooltip\" data-toggle=\"popover\" data-placement=\"bottom\" data-content=\"<b>Qu\u00e8 es la neutralitat de la xarxa?<\/b><br>\r\nLa neutralitat de la xarxa \u00e9s una consideraci\u00f3 de car\u00e0cter \u00e8tic que demana que tot el tr\u00e0nsit d\u2019internet rebi el mateix tracte, sense discriminaci\u00f3, restriccions o interfer\u00e8ncies, independentment del seu emissor, receptor, tipus, contingut, dispositiu, servei o aplicaci\u00f3. Aix\u00ed, per exemple, si per raons econ\u00f2miques o pol\u00edtiques es considera que un contingut comercial produ\u00eft per una empresa ha de tenir m\u00e9s visibilitat que un web activista es vulneraria la neutralitat de la xarxa. El v\u00eddeo seg\u00fcent \u00e9s molt clar i reivindicatiu: <a href='https:\/\/www.youtube.com\/watch?time_continue=17&v=3Tzu3tHxiiY' target='_blank'>https:\/\/www.youtube.com\/watch?time_continue=17&v=3Tzu3tHxiiY<\/a>.<br>L\u2019entrada en castell\u00e0 de la Wikipedia explica de manera clara i amb detalls en qu\u00e8 consisteix la neutralitat de la xarxa: <a href='https:\/\/es.wikipedia.org\/wiki\/Neutralidad_de_red' target='_blank'>https:\/\/es.wikipedia.org\/wiki\/Neutralidad_de_red<\/a>.<br>Tamb\u00e9 pot ser \u00fatil el manifest per la neutralitat de la xarxa que va activar Enrique Dans: <a href='https:\/\/www.enriquedans.com\/2010\/11\/manifiesto-por-una-red-neutral.html' target='_blank'>https:\/\/www.enriquedans.com\/2010\/11\/manifiesto-por-una-red-neutral.html<\/a>.\" data-placement=\"top\" data-html=\"true\" >neutralitat de la xarxa<\/a> i insta la UE i els pa\u00efsos ALC a treballar per a garantir la seguretat jur\u00eddica en nom d\u2019una neutralitat efectiva i una aut\u00e8ntica pluralitat de la xarxa. Demana expl\u00edcitament que les mesures de gesti\u00f3 del tr\u00e0nsit d\u2019internet que bloquegin, alenteixin, alterin, restringeixin, interfereixin, degradin o discriminin entre continguts, aplicacions o serveis concrets o categories espec\u00edfiques nom\u00e9s es permetin en els casos excepcionals en qu\u00e8 sigui necessari, i \u00fanicament de manera temporal, per tal de complir els requisits jur\u00eddics, preservar la integritat i la seguretat de la xarxa o evitar-ne la possible congesti\u00f3. Aquestes mesures han de ser transparents, no discriminat\u00f2ries i proporcionades, i no es poden basar en consideracions comercials, sin\u00f3 en requisits de qualitat t\u00e8cnica del servei establerts objectivament per a categories espec\u00edfiques de tr\u00e0nsit.<\/li>\n<li>La banda ampla \u00e9s tamb\u00e9 una reivindicaci\u00f3 clau en aquest document. Es considera que tots els ciutadans han de tenir acc\u00e9s a una internet r\u00e0pida i eficient, i sempre integradora i equitativa, i cal incloure les zones rurals, allunyades, ultraperif\u00e8riques i desfavorides.<\/li>\n<\/ul>\n<p>Finalment, cal comentar que la Uni\u00f3 Europea i l\u2019Am\u00e8rica Llatina tenen una comunicaci\u00f3 fluida, gr\u00e0cies a programes com @LIS i @LIS2 de la Comissi\u00f3 Europea, l\u2019objectiu espec\u00edfic dels quals \u00e9s la promoci\u00f3 del di\u00e0leg i de la societat de la informaci\u00f3 a l\u2019Am\u00e8rica Llatina, l\u2019est\u00edmul i el suport a la investigaci\u00f3 sobre tecnologies de la informaci\u00f3 a l\u2019Am\u00e8rica Llatina i Europa, i el suport de l\u2019homogene\u00eftzaci\u00f3 i l\u2019harmonitzaci\u00f3 de processos reguladors en el sector de les telecomunicacions a l\u2019Am\u00e8rica Llatina.<\/p>\n<h4>Qu\u00e8 es la neutralitat de la xarxa?<\/h4>\n<p>La <a href=\"javascript:void(0);\" class=\"tooltip\" data-toggle=\"popover\" data-placement=\"bottom\" data-content=\"L\u2019entrada en castell\u00e0 de la Wikipedia explica de manera clara i amb detalls en qu\u00e8 consisteix la neutralitat de la xarxa: <a href='https:\/\/es.wikipedia.org\/wiki\/Neutralidad_de_red' target='_blank'>https:\/\/es.wikipedia.org\/wiki\/Neutralidad_de_red.<\/a><br>Tamb\u00e9 pot ser \u00fatil el manifest per la neutralitat de la xarxa que va activar Enrique Dans: <a href='https:\/\/www.enriquedans.com\/2010\/11\/manifiesto-por-una-red-neutral.html' target='_blank'> https:\/\/www.enriquedans.com\/2010\/11\/manifiesto-por-una-red-neutral.html.<\/a>\" data-placement=\"top\" data-html=\"true\" >neutralitat de la xarxa<\/a> \u00e9s una consideraci\u00f3 de car\u00e0cter \u00e8tic que demana que tot el tr\u00e0nsit d\u2019internet rebi el mateix tracte, sense discriminaci\u00f3, restriccions o interfer\u00e8ncies, independentment del seu emissor, receptor, tipus, contingut, dispositiu, servei o aplicaci\u00f3. Aix\u00ed, per exemple, si per raons econ\u00f2miques o pol\u00edtiques es considera que un contingut comercial produ\u00eft per una empresa ha de tenir m\u00e9s visibilitat que un web activista es vulneraria la neutralitat de la xarxa.<\/p>\n<p>El v\u00eddeo seg\u00fcent \u00e9s molt clar i reivindicatiu:<\/p>\n<p><iframe loading=\"lazy\" width=\"640\" height=\"360\" src=\"https:\/\/www.youtube.com\/embed\/3Tzu3tHxiiY?feature=oembed\" frameborder=\"0\" allow=\"accelerometer; autoplay; encrypted-media; gyroscope; picture-in-picture\" allowfullscreen><\/iframe><\/p>\n","protected":false},"excerpt":{"rendered":"<p>El 22 de setembre de 2016 va tenir lloc a Montevideo la Cinquena Confer\u00e8ncia Ministerial sobre la Societat de la Informaci\u00f3 a l\u2019Am\u00e8rica Llatina i el Carib. Els pa\u00efsos participants van decidir adoptar l\u2019Agenda digital per a l\u2019Am\u00e8rica Llatina i el Carib (eLAC2018), que establia les cinc \u00e0rees d\u2019acci\u00f3 seg\u00fcents: acc\u00e9s i infraestructura; economia digital, [&hellip;]<\/p>\n","protected":false},"author":1,"featured_media":0,"parent":0,"menu_order":0,"comment_status":"closed","ping_status":"closed","template":"","meta":[],"_links":{"self":[{"href":"http:\/\/dinamitzacio-social-digital-test.recursos.uoc.edu\/praxis-politiques\/wp-json\/wp\/v2\/pages\/63"}],"collection":[{"href":"http:\/\/dinamitzacio-social-digital-test.recursos.uoc.edu\/praxis-politiques\/wp-json\/wp\/v2\/pages"}],"about":[{"href":"http:\/\/dinamitzacio-social-digital-test.recursos.uoc.edu\/praxis-politiques\/wp-json\/wp\/v2\/types\/page"}],"author":[{"embeddable":true,"href":"http:\/\/dinamitzacio-social-digital-test.recursos.uoc.edu\/praxis-politiques\/wp-json\/wp\/v2\/users\/1"}],"replies":[{"embeddable":true,"href":"http:\/\/dinamitzacio-social-digital-test.recursos.uoc.edu\/praxis-politiques\/wp-json\/wp\/v2\/comments?post=63"}],"version-history":[{"count":5,"href":"http:\/\/dinamitzacio-social-digital-test.recursos.uoc.edu\/praxis-politiques\/wp-json\/wp\/v2\/pages\/63\/revisions"}],"predecessor-version":[{"id":205,"href":"http:\/\/dinamitzacio-social-digital-test.recursos.uoc.edu\/praxis-politiques\/wp-json\/wp\/v2\/pages\/63\/revisions\/205"}],"wp:attachment":[{"href":"http:\/\/dinamitzacio-social-digital-test.recursos.uoc.edu\/praxis-politiques\/wp-json\/wp\/v2\/media?parent=63"}],"curies":[{"name":"wp","href":"https:\/\/api.w.org\/{rel}","templated":true}]}}