{"id":66,"date":"2018-12-18T16:45:18","date_gmt":"2018-12-18T14:45:18","guid":{"rendered":"http:\/\/dinamitzacio-social-digital-test.recursos.uoc.edu\/praxis-politiques\/?page_id=66"},"modified":"2021-01-26T16:15:24","modified_gmt":"2021-01-26T14:15:24","slug":"2-2-la-capacitacio-digital-a-espanya","status":"publish","type":"page","link":"http:\/\/dinamitzacio-social-digital-test.recursos.uoc.edu\/praxis-politiques\/2-2-la-capacitacio-digital-a-espanya\/","title":{"rendered":"2.2. La capacitaci\u00f3 digital a Espanya"},"content":{"rendered":"<p>Espanya ha assumit l\u2019Agenda digital de la Uni\u00f3 Europea, i totes les iniciatives de formaci\u00f3 i capacitaci\u00f3 en compet\u00e8ncies digitals estan organitzades seguint els mateixos programes i directives que la Uni\u00f3 Europea. En ser un pivot entre la Uni\u00f3 Europea i l\u2019Am\u00e8rica Llatina, Espanya tamb\u00e9 est\u00e0 implicada en l\u2019Agenda digital per l\u2019Am\u00e8rica Llatina i el Carib i assumeix els principis i les propostes descrites en l\u2019apartat anterior.<\/p>\n<p>El programa d\u2019inclusi\u00f3 digital a Espanya se centra sobretot a formar professionals TIC per al mercat laboral. Es considera un objectiu prioritari millorar l\u2019ensenyament i la formaci\u00f3 actuals tant en la formaci\u00f3 professional com en la universit\u00e0ria i s\u2019estan desenvolupant unes l\u00ednies d\u2019actuaci\u00f3 espec\u00edfiques, que expliquem a continuaci\u00f3:<\/p>\n<ul>\n<li>Actualitzar el Cat\u00e0leg nacional de qualificacions professionals en mat\u00e8ria de compet\u00e8ncies digitals. Per a fer-ho es tindr\u00e0 en compte l\u2019evoluci\u00f3 dels marcs de compet\u00e8ncies digitals en l\u2019\u00e0mbit europeu, com tamb\u00e9 dels esquemes d\u2019acreditaci\u00f3 professionals.<\/li>\n<li>Maximitzar l\u2019efici\u00e8ncia en la gesti\u00f3 i l\u2019assignaci\u00f3 dels Fons de formaci\u00f3 destinats a la formaci\u00f3 cont\u00ednua en mat\u00e8ria TIC, tant de personal del sector privat com del sector p\u00fablic. Es prestar\u00e0 una atenci\u00f3 especial a l\u2019\u00fas de plataformes virtuals de formaci\u00f3 en l\u00ednia.<\/li>\n<li>Assignar part dels recursos disponibles per a la formaci\u00f3 cont\u00ednua en la capacitaci\u00f3 i l\u2019adquisici\u00f3 d\u2019habilitats digitals dels professionals TIC.<\/li>\n<li>Reorientar la formaci\u00f3 professional relacionada amb les TIC.<\/li>\n<li>Potenciar una millora de l\u2019oferta universit\u00e0ria destinada a la formaci\u00f3 de professionals TIC a trav\u00e9s de la seva adaptaci\u00f3 a les necessitats del mercat, tenint en compte els nous perfils professionals en l\u2019\u00e0mbit tecnol\u00f2gic i l\u2019increment de l\u2019efici\u00e8ncia del sistema universitari.<\/li>\n<\/ul>\n<p>Com es pot veure, es tracta d\u2019unes l\u00ednies d\u2019actuaci\u00f3 molt gen\u00e8riques, sense cap proposta innovadora o original. En general aquests programes tenen un pes secundari en la pol\u00edtica espanyola: no estan gaire promocionats, ni hi ha un gran comprom\u00eds a participar de manera molt visible en projectes com la setmana de la programaci\u00f3, la Gran Coalici\u00f3 o els <em>campions digitals<\/em>. Malgrat aquesta manca de visibilitat per part de l\u2019Administraci\u00f3 espanyola, les iniciatives europees i llatinoamericanes estan ben presents a Espanya i donen els seus fruits.<\/p>\n","protected":false},"excerpt":{"rendered":"<p>Espanya ha assumit l\u2019Agenda digital de la Uni\u00f3 Europea, i totes les iniciatives de formaci\u00f3 i capacitaci\u00f3 en compet\u00e8ncies digitals estan organitzades seguint els mateixos programes i directives que la Uni\u00f3 Europea. En ser un pivot entre la Uni\u00f3 Europea i l\u2019Am\u00e8rica Llatina, Espanya tamb\u00e9 est\u00e0 implicada en l\u2019Agenda digital per l\u2019Am\u00e8rica Llatina i el [&hellip;]<\/p>\n","protected":false},"author":1,"featured_media":0,"parent":0,"menu_order":0,"comment_status":"closed","ping_status":"closed","template":"","meta":[],"_links":{"self":[{"href":"http:\/\/dinamitzacio-social-digital-test.recursos.uoc.edu\/praxis-politiques\/wp-json\/wp\/v2\/pages\/66"}],"collection":[{"href":"http:\/\/dinamitzacio-social-digital-test.recursos.uoc.edu\/praxis-politiques\/wp-json\/wp\/v2\/pages"}],"about":[{"href":"http:\/\/dinamitzacio-social-digital-test.recursos.uoc.edu\/praxis-politiques\/wp-json\/wp\/v2\/types\/page"}],"author":[{"embeddable":true,"href":"http:\/\/dinamitzacio-social-digital-test.recursos.uoc.edu\/praxis-politiques\/wp-json\/wp\/v2\/users\/1"}],"replies":[{"embeddable":true,"href":"http:\/\/dinamitzacio-social-digital-test.recursos.uoc.edu\/praxis-politiques\/wp-json\/wp\/v2\/comments?post=66"}],"version-history":[{"count":4,"href":"http:\/\/dinamitzacio-social-digital-test.recursos.uoc.edu\/praxis-politiques\/wp-json\/wp\/v2\/pages\/66\/revisions"}],"predecessor-version":[{"id":223,"href":"http:\/\/dinamitzacio-social-digital-test.recursos.uoc.edu\/praxis-politiques\/wp-json\/wp\/v2\/pages\/66\/revisions\/223"}],"wp:attachment":[{"href":"http:\/\/dinamitzacio-social-digital-test.recursos.uoc.edu\/praxis-politiques\/wp-json\/wp\/v2\/media?parent=66"}],"curies":[{"name":"wp","href":"https:\/\/api.w.org\/{rel}","templated":true}]}}